(g) = g**2 + 11*g + 52. Calculate the remainder when 33 is divided by d(-6).
11
Suppose 3*z - y - 14 = 0, 23 = z - 0*y - 4*y. Suppose 4*a + 146 = 3*r, -a - 102 = -2*r - z*a. Calculate the remainder when r is divided by 14.
8
Suppose 11*t - 112 = -24. Suppose -5*v + 558 = t. What is the remainder when v is divided by 28?
26
Suppose 5*a - 2*a = -4*w - 19, 3*a + 33 = 3*w. Let c = 0 + -22. Let f = a - c. Calculate the remainder when f is divided by 8.
5
Let k(x) = -x**3 + 51*x**2 + 2*x - 58. Calculate the remainder when k(51) is divided by 25.
19
Let k be (3/4)/(2/8). Suppose 19 = k*r - r - 3*z, -2*r + 29 = -5*z. Let a(m) = -m**3 + 3*m**2 + 2*m - 2. Calculate the remainder when 21 is divided by a(r).
3
Suppose -4*q + 12 = -4*d, d + d + 3 = -q. Let m(f) = 35*f**3 + 2*f**2 - 3*f + 2. What is the remainder when 106 is divided by m(q)?
34
Let u be 1346/7 - (-4)/(-14). Suppose 32 = -4*s + u. Let r = 49 - s. What is the remainder when 15 is divided by r?
6
Suppose -989 + 365 = -12*o. What is the remainder when 206 is divided by o?
50
Suppose -6*w + w = -170. What is the remainder when 80/(-12)*(1020/(-75) - -4) is divided by w?
30
Suppose 8*y = -3*y + 5280. Suppose -579 = -5*b - 2*n, 3*n + y = 4*b - n. Calculate the remainder when b is divided by 20.
17
Let j(c) = 14*c**2 + 2*c - 13. What is the remainder when j(3) is divided by 31?
26
Suppose -12 = -16*j + 15*j. What is the remainder when 44 is divided by j?
8
Let h(v) = v**2 - v + 1. Let d(u) = 7*u**2 - 3*u - 2. Let z(g) = d(g) - 6*h(g). Calculate the remainder when z(-7) is divided by 22/((-4 - -6)*1).
9
Suppose -3*c - 18 = -4*c. Suppose 2*k - 44 = -c. Suppose -o + 5*s = -39, 5*o + 0*s = -s + 247. Calculate the remainder when o is divided by k.
10
Suppose 118 = 9*j - 413. Let r(z) = -2 - 9*z + 0*z**2 - 2*z**2 + z**2. Calculate the remainder when j is divided by r(-7).
11
Suppose 52*n - 504 = 40*n. What is the remainder when 143 is divided by n?
17
Let a(h) = -h**2 - 2*h**2 - h**3 + 5*h + 2 - h. Let m be a(-4). What is the remainder when 12 is divided by 8 - m/(2/3)?
2
Let b = 364 - 345. Calculate the remainder when b is divided by 13.
6
Let f be 0 + -11*(-1 + 0). Suppose 14*j - f*j = 18. Suppose 5*v = j*v - 10. What is the remainder when v is divided by 3?
1
Let x = 61 - 7. Suppose 2*i - 14 = -4*n, -n - i = 2*i - 11. Suppose 4*l - 104 = -n*m - 2*m, 5*l + 2*m - 136 = 0. Calculate the remainder when x is divided by l.
26
Let f = 105 - 103. Suppose 0 = -4*n + 4*p + 69 + 91, f*p = 3*n - 122. Calculate the remainder when 162 is divided by n.
36
Suppose -68 - 67 = -15*v. Suppose 4*q = -q + 175. Calculate the remainder when q is divided by v.
8
Let o(b) = -11*b - 30. Let i = 40 - -5. What is the remainder when o(-23) is divided by i?
43
Let t = -1042 - -1630. What is the remainder when t is divided by 5?
3
Suppose 3*t + 11 - 11 = 0. Calculate the remainder when 30 is divided by (1 - 37)/(t + -2).
12
Suppose 1 + 27 = 7*y. Calculate the remainder when y is divided by 1.
0
Suppose 318 = 5*q - 17. Suppose -i + 22 = n, -n - 3*n = 3*i - q. What is the remainder when i is divided by 10?
1
Let s be (28/1)/(14/21). Let r = -25 + s. Let l = 19 - r. What is the remainder when 7 is divided by l?
1
Suppose 58 = 4*n - 2*r, n + 0*r - 32 = -3*r. Let u = 270 - 18. Suppose 4*z = 5*w - u, 4*w = -0*w + z + 195. What is the remainder when w is divided by n?
14
Suppose 4*g - 688 - 348 = 0. Suppose 3*a - g = -5*k, 7*k = 4*k + a + 147. What is the remainder when k is divided by 26?
24
Let v(c) = -2*c**2 - 6*c - 8. Let x be v(-7). Let u = x - -116. Let y = -17 + u. What is the remainder when y is divided by 9?
8
Let y(r) = -8*r + 11. Let q be y(2). Let s(c) = 6*c**2 + 2*c + 11. Calculate the remainder when s(q) is divided by 19.
18
Let j(l) = 6*l - 63. Suppose 5*f = -3*w + 81, -3*w + 0*f = 2*f - 72. Calculate the remainder when j(21) is divided by w.
19
Suppose -193*d + 149*d = -704. Calculate the remainder when 1198 is divided by d.
14
Suppose -11*r = 2*r - 26. Suppose 5*q - r*y - 90 = 0, y = 5*q + 2*y - 75. Calculate the remainder when 29 is divided by q.
13
Let g(u) = -u**2 - 6*u + 4. Let f be g(-6). Suppose 4*c = f*s - 148, 0*c = -s + 3*c + 45. Suppose -25 = 3*q - 79. What is the remainder when s is divided by q?
15
Let m(d) = 38*d + 1. Let v = -26 - -33. Suppose -37 - 40 = -v*k. What is the remainder when m(1) is divided by k?
6
Let b = -9 - -14. Let z(o) = o - 11. Let f be z(-13). Calculate the remainder when (34/(-4))/(3*4/f) is divided by b.
2
Suppose -3*n = -5*u + 125, 5*u = -2*n + 31 + 69. What is the remainder when 56 is divided by u?
12
Let q(n) = -3*n**3 - n**2 - 2*n - 20. Let w be q(0). Calculate the remainder when 18 is divided by (w/(-6))/(4 + (-30)/9).
3
Let a(z) = 28*z**2 + 2*z - 1. Suppose 3*t - 5*h = 127, -2*t - 3*h = h - 92. Let k = t + -28. What is the remainder when a(1) is divided by k?
13
Suppose 0 = -7*g - 33 + 54. Suppose 0 = -6*m - g*m + 279. What is the remainder when 152 is divided by m?
28
Suppose p - 8 = 5*p, -p + 510 = 4*x. What is the remainder when x is divided by 45?
38
Calculate the remainder when 21 is divided by ((-12)/(-14))/((-96)/(-1792)).
5
Suppose 89 = -3*q - 25. Let x be 146/(-6)*(-2 + -1). Let d = q + x. What is the remainder when d is divided by 10?
5
Suppose 4*b = -2*j + 142, -40 - 3 = -b - 3*j. Let p be (-75)/9 - (-4)/(-6). Let m(n) = n**2 + 6*n - 9. What is the remainder when b is divided by m(p)?
16
Let a = -21 - -27. Let r = -11 - 4. What is the remainder when a is divided by 1/((-9)/r)*3?
1
Let t = -953 - -1175. Calculate the remainder when t is divided by 25.
22
Let y(w) = -8*w + 584. What is the remainder when y(30) is divided by 50?
44
Suppose 4*s - 302 = -246. Let z = 119 - 67. What is the remainder when z is divided by s?
10
Let c = -51 - -162. Suppose c - 371 = -4*f. Suppose 0 = -4*z - f + 221. Calculate the remainder when z is divided by 10.
9
Let l(z) = -16*z + 3. What is the remainder when l(-4) is divided by (8/(-16))/((-1)/70)?
32
Suppose -5*b + 27 = 2. What is the remainder when b is divided by (-10 - 72/(-9)) + 6?
1
Let q(y) = 10 + 9*y - 16 - y**2 + 44. What is the remainder when ((-9)/(-2))/(3/4) is divided by q(12)?
0
Suppose 5*k + 205 = 5*q, 2*q + 8*k - 3*k = 54. What is the remainder when q is divided by 19?
18
Calculate the remainder when 12 is divided by 2*-2*(-3)/12.
0
Let t = 23 - 77. Calculate the remainder when 60 is divided by 12/t + 191/9.
18
Let x = 620 + -603. What is the remainder when 112 is divided by x?
10
Let x = -581 + 641. Calculate the remainder when x is divided by 40.
20
Let v(t) = -4*t**3 - 3*t**2 + 4*t + 2. Calculate the remainder when v(-3) is divided by (54/15)/((-38)/(-190)).
17
Suppose r - 2*r = -7. What is the remainder when 5/(-10)*-40*2 is divided by r?
5
Let v(o) = 16*o + 9. Suppose 40*j + 21 = 43*j. Calculate the remainder when v(j) is divided by 41.
39
What is the remainder when (((-2)/2)/(-2))/((-4)/(-88)) is divided by (14/10)/((-2)/(-10))?
4
Let v = 113 - -62. Calculate the remainder when v is divided by 11.
10
Let g = -27 + 38. Let a = 30 + g. Suppose x - 31 = -x + 5*w, -3*w = -4*x + a. Calculate the remainder when 54 is divided by x.
6
Let u = -63 + 111. Suppose -6*o + 9*o = -3*a + 69, -4*o - u = -3*a. What is the remainder when 77 is divided by a?
17
Let q(r) be the second derivative of -r**4/12 + 17*r**3/6 + 17*r**2/2 - 16*r. Suppose 2*k - 11 = 7. What is the remainder when q(16) is divided by k?
6
Let w(n) = 101*n - 451. What is the remainder when w(6) is divided by 73?
9
Let u(n) = 91*n + 717. What is the remainder when 100 is divided by u(-7)?
20
Let f = 3795 + -3788. What is the remainder when (-205)/(-3) - (-2)/(-6) is divided by f?
5
Let l = 236 + -138. Suppose 0 = -2*g + 22 + l. Calculate the remainder when g is divided by 21.
18
Let b be (-4)/(-10) - 808/20. Let u = b - -53. Calculate the remainder when 25 is divided by u.
12
Let p(l) = 6*l**2 - 4*l + 4. Let u be p(1). Calculate the remainder when (-4)/(8/u) + 15 is divided by 8.
4
Calculate the remainder when -265*((-36)/45 - 0) is divided by 96.
20
Suppose s - 104 = -33. Let d = s - 59. Let g = -52 - -87. Calculate the remainder when g is divided by d.
11
Let i be 312/(-9)*(18/4)/(-3). Suppose 5*a - i = a. What is the remainder when 49 is divided by a?
10
Let 